b - 68. What is the tens digit of v(-5)?
7
Suppose -14*o + 7116 = 2286. What is the units digit of o?
5
What is the units digit of (7995*(-12)/(-18))/2?
5
Suppose 0 = 6*h - 3*h + 4*j + 8, 3*j + 1 = -h. What is the hundreds digit of 246 + ((-12)/h)/3?
2
Suppose 0 = -18*l - 1593 + 7029. What is the units digit of l?
2
Suppose 3*d = 5*d. Suppose -2*i + 60 + 30 = d. What is the units digit of i?
5
Let w(v) = 6 + v - 3 + 2*v**2 - v**3 + 2 + 2*v**2. What is the units digit of w(4)?
9
Suppose -9*n - 2*c + 1022 = -5*n, -5*n = -2*c - 1291. What is the units digit of n?
7
Let j(m) = 2*m - 17. Let h be j(10). Suppose h*x = 5*r - 13 + 141, 0 = -4*x - r + 140. What is the tens digit of x?
3
Let d = -349 + 808. What is the units digit of d?
9
Let q(s) = 4*s + 10. Let t = 9 - 3. What is the units digit of q(t)?
4
Let j(s) = -84*s - 16. Let m be j(-11). Suppose -300 - m = -8*x. What is the units digit of x?
1
Suppose 3*h + 5*m = -0*h + 8, m + 60 = 5*h. Suppose -18*u + 490 = -h*u. What is the tens digit of u?
7
Let z(m) = m**3 + 7*m**2 - 2*m + 4. Let n be z(-7). What is the units digit of ((-80)/(-14))/(n/63)?
0
Let w(f) = 28*f**2 + 4*f - 16. What is the hundreds digit of w(4)?
4
Let w(d) = d**2 + 2*d - 4. Suppose -2*i + 6*i + 20 = 0. Let h be w(i). Suppose -h - 7 = -n. What is the tens digit of n?
1
Let q(g) = -63*g**2 + 10*g - 18. Let d be q(3). Let i = -297 - d. What is the units digit of i?
8
Suppose -3*r + r + 2*w = 24, 0 = r - 3*w + 6. What is the units digit of 140/r*(-1)/(21/54)?
4
Let f = -115 + 89. Let o(m) = 24*m - 1. Let c be o(2). Let y = c + f. What is the units digit of y?
1
Suppose -34*l + w = -38*l + 2695, 3*w = 9. What is the units digit of l?
3
Let v = -79 - -79. Suppose 3*i + 219 = q, v = 4*q + 4*i - 436 - 456. What is the tens digit of q?
2
Suppose -2*k - 800 = -2*z, -8*k - 1593 = -4*z - 11*k. What is the hundreds digit of z?
3
Let k(w) = 1117*w + 2. What is the hundreds digit of k(1)?
1
Let v = -700 + 1191. What is the hundreds digit of v?
4
Let t = 10626 - 5069. What is the tens digit of t?
5
Let o = 1 - -144. Suppose -2*l - o = 3*l. Let j = l + 50. What is the units digit of j?
1
Suppose 14 = 5*b + 79. Let z be -2*(12/4)/6. What is the units digit of z/(b/6 + 2)?
6
Suppose -102*i = -109*i + 1995. What is the hundreds digit of i?
2
Let c(b) = 4*b - 15. Let x be c(30). Suppose 0 = z - 0*z + d + 7, 4*d + 37 = -5*z. What is the tens digit of (z/(-27))/(1/x)?
3
Let w = -3722 + 9346. What is the units digit of w?
4
Let d = 1 - -2. Suppose -2*v + 3*n + 354 = 71, -d*n + 277 = 2*v. Suppose x = 2*z + 21, -v = -5*x + z - 35. What is the units digit of x?
1
Let s(d) = -1 - 2*d**2 - d**3 + 3*d**2 - 2*d**3 + 9 + d. What is the units digit of s(-3)?
5
Let u be ((-6)/9)/(4*3/18). What is the hundreds digit of ((-167)/(-1))/((-1 + 0)*u)?
1
Let o = -574 - -370. Let l = o - -285. What is the tens digit of l?
8
Let v(q) = -5*q**2 + 3*q + 1. Let b(g) = 7*g**2 - 5*g - 2. Let d(l) = -5*b(l) - 8*v(l). What is the units digit of d(-2)?
0
Let s(i) = -6*i + 33*i**2 - 2 + 0 - 5*i**2 + 3*i. What is the tens digit of s(-1)?
2
Suppose 2*b = z - 13, 2*b + 2*z = -0*b + 2. Let g be b/12 - (-106)/3. What is the units digit of 1/(1/(g - -4))?
9
Let p(o) = 23*o**2 - 3*o + 3. Let h be p(1). Suppose -4*a = r - 937, -h = a - 5*r - 231. What is the units digit of a?
3
Let p = -12 - -12. Suppose -5 = 4*b - 13. What is the units digit of 45 - (p - -4)/b?
3
Let r(u) = u**3 - 5*u**2 - 7*u + 5. Let f be r(6). Let b be 0/(4/(-4))*f. Suppose b = 9*y - 11*y + 48. What is the units digit of y?
4
Let z(t) = t**3 - 12*t**2 - 14*t + 7. Let f be z(13). What is the tens digit of f/21 - 1239/(-49)?
2
Let f = 824 - -186. What is the hundreds digit of f?
0
Let m be 126/26 + 6/39. Suppose m*o + 4*f = 14, 5*f = o - 9 - 17. Suppose 74 = 2*w - o. What is the tens digit of w?
4
Let g(s) be the second derivative of 3*s**2 + 0 + 11*s - 11/6*s**3. What is the units digit of g(-3)?
9
Suppose -74 = 3*s - 0*s - 5*i, -130 = 5*s - 5*i. Let o = 22 + s. What is the units digit of 2 + 4/o*-9?
8
Let u(d) = -2*d - 19. Let j be u(-9). Let q(w) be the first derivative of -2*w**2 - 2*w - 2. What is the units digit of q(j)?
2
Let k = -37 - -14. Let x = -25 + k. What is the units digit of 6/8*x/(-6)?
6
Let f be (-28 - 0)*(-72)/(-32). What is the tens digit of -1 - (-3 - f)/((-6)/4)?
3
Let o = -138 + 114. Let x(m) = -m**2 - 34*m - 39. What is the hundreds digit of x(o)?
2
Suppose -5*a - 3*n + 12420 = 0, -10*a - 12420 = -15*a + 3*n. What is the hundreds digit of a?
4
Let q(b) = -11*b + 39. Let c be q(3). What is the tens digit of -5 + 4 - (c*188)/(-4)?
8
Suppose 0 = -4*u + 835 + 1445. What is the units digit of u?
0
What is the tens digit of (30/135)/(2/5868)?
5
Suppose -8880 = -413*v + 403*v. What is the tens digit of v?
8
Let g = -382 + 586. Suppose 2*r = 8*r - g. What is the units digit of r?
4
Let a(r) = -2*r + 18. Let o(y) = y**3. Let p be o(-2). What is the tens digit of a(p)?
3
Let r(y) = -68*y - 200. What is the thousands digit of r(-30)?
1
Suppose 3*p = -567 + 3240. What is the tens digit of p?
9
Suppose -v + y - 6*y - 30 = 0, 108 = -5*v - 4*y. What is the units digit of (-2 + (-15)/4 + 2)*v?
5
What is the hundreds digit of (-1580)/(-60)*(-4)/(12/(-99))?
8
What is the units digit of 75/(-60) - 94/(-16)*358?
2
Suppose -2*r = -4*x - 5 + 149, -4*x - 2*r + 136 = 0. What is the units digit of x?
5
Let g(d) = 8*d - 2. Let w be g(1). Suppose -4*f - 37 = k - w*k, 25 = 2*k - 5*f. Let i(v) = -v**3 + 5*v**2 + v - 1. What is the units digit of i(k)?
4
Suppose -4*z + 7*z + 36 = 0. Let h(q) = q**3 + 10*q**2 - 11*q - 13. Let m be h(z). Let g = 247 + m. What is the units digit of g?
8
Let v = -393 + 994. What is the units digit of v?
1
Suppose 201 = 5*y + 4*l, 5*l = 2*y - 55 - 32. Suppose y*u = 40*u + 63. What is the tens digit of u?
6
Suppose -5*m + 4*l + 28 = 2*l, 0 = -3*m + 5*l + 32. Suppose 0 = -2*q + m*q - 142. What is the tens digit of q?
7
Suppose 5*h + 27 + 23 = 0. What is the hundreds digit of 4/h + (-582)/(-5)?
1
Let w = 1542 - 1203. What is the tens digit of w?
3
Let p(k) = -k**2 + 8*k - 14. Let s = -23 - -29. Let l be p(s). What is the tens digit of (l - -3)/((-1)/(-29))?
2
Suppose -364*j = -363*j - 204. What is the tens digit of j?
0
Let z(r) = -2*r - 5. Let m(h) = 6*h + 16. Let y(p) = 3*m(p) + 10*z(p). Let w be y(-5). What is the units digit of (-4)/(-32) - (-223)/w?
8
Let d(b) = 302*b**2 - 2*b - 1. What is the hundreds digit of d(-1)?
3
Suppose -44*z + 72*z - 41748 = 0. What is the units digit of z?
1
Suppose 10*r - 14*r = -224. Let u = r - 32. What is the tens digit of u?
2
Let i(j) = j**2 - j + 11. Let w be i(0). Suppose -w = -2*u - 2*v + 197, -277 = -3*u + 4*v. What is the units digit of u?
9
Suppose 23*q - 3716 = -680. What is the units digit of q?
2
Let j = -31 + 6. Let c = -11 - j. What is the units digit of c?
4
Let w be (-6)/(-4) - (-25)/10. Suppose -w*m + 8 = -8. Let a = 9 + m. What is the tens digit of a?
1
Let a = -74 + 76. Suppose 2*g - 12 = 4*k, 30 = 3*g + a*g + 2*k. What is the units digit of g?
6
Suppose -f = -4 + 3. Suppose -j = -0 - f. What is the units digit of j*-3*(-3 + -6)?
7
Let p(r) = r**2 + 5*r - 15. Let a be p(-8). Suppose -a = o - 0*o + 2*c, -5*o + 3*c = -20. What is the tens digit of (o - -1)/(6/33)?
1
Suppose 2*r + r = 624. Suppose -3*w = -r - 62. Suppose 5*f + 3*g - w = 0, 4*f = 3*f - 2*g + 25. What is the units digit of f?
5
Suppose 0 + 81 = -3*b. Let v = b - -69. Suppose -3*p = -0 - v. What is the units digit of p?
4
Suppose 2*d = 4*g - 94, -g + 5*d = 3*g - 103. Let q be 62/g - (-20)/110. Suppose 0 = -f - 4*k + 11, -4*f + q*k = -0*k - 63. What is the tens digit of f?
1
Let h = 236 + -141. What is the units digit of h?
5
Let p = 132 + -74. Suppose -4*i + 138 = p. What is the units digit of i?
0
Let k be -1*1 + (66 - 18). Let d = k - 19. What is the tens digit of d?
2
Suppose -151*u + 102*u = -184926. What is the thousands digit of u?
3
Let d = 774 + -418. What is the tens digit of d?
5
Suppose 5295 - 14815 = -14*x. What is the hundreds digit of x?
6
Let o(w) = -w**2 + 41*w - 21. What is the tens digit of o(33)?
4
Let n = 492 - -175. What is the units digit of n?
7
Let d(b) = 2*b**2 - 59. What is the hundreds digit of d(-10)?
1
Let r be 1/((-3)/(-9)) - (-1 + -71). Suppose 10*l